CRAN Package Check Results for Package snakecase

Last updated on 2021-10-25 04:00:28 CEST.

Flavor Version Tinstall Tcheck Ttotal Status Flags
r-devel-linux-x86_64-debian-clang 0.11.0 2.95 34.68 37.63 OK
r-devel-linux-x86_64-debian-gcc 0.11.0 2.18 26.65 28.83 OK
r-devel-linux-x86_64-fedora-clang 0.11.0 55.95 OK
r-devel-linux-x86_64-fedora-gcc 0.11.0 44.78 OK
r-devel-windows-x86_64 0.11.0 5.00 43.00 48.00 WARN
r-devel-windows-x86_64-gcc10-UCRT 0.11.0 WARN
r-patched-linux-x86_64 0.11.0 3.23 34.42 37.65 OK
r-patched-solaris-x86 0.11.0 78.40 OK
r-release-linux-x86_64 0.11.0 2.75 34.04 36.79 OK
r-release-macos-arm64 0.11.0 OK
r-release-macos-x86_64 0.11.0 OK
r-release-windows-ix86+x86_64 0.11.0 6.00 64.00 70.00 OK
r-oldrel-macos-x86_64 0.11.0 OK
r-oldrel-windows-ix86+x86_64 0.11.0 8.00 58.00 66.00 WARN

Check Details

Version: 0.11.0
Check: R files for syntax errors
Result: WARN
    Warnings in file 'R/replace_special_characters_internal.R':
     unable to translate '<U+00C4>' to native encoding
     unable to translate '<U+00D6>' to native encoding
     unable to translate '<U+00DC>' to native encoding
     unable to translate '<U+00E4>' to native encoding
     unable to translate '<U+00F6>' to native encoding
     unable to translate '<U+00FC>' to native encoding
     unable to translate '<U+00DF>' to native encoding
     unable to translate '<U+00C6>' to native encoding
     unable to translate '<U+00E6>' to native encoding
     unable to translate '<U+00D8>' to native encoding
     unable to translate '<U+00F8>' to native encoding
     unable to translate '<U+00C5>' to native encoding
     unable to translate '<U+00E5>' to native encoding
     unable to translate '<U+00C6>' to native encoding
     unable to translate '<U+00E6>' to native encoding
     unable to translate '<U+00D8>' to native encoding
     unable to translate '<U+00F8>' to native encoding
     unable to translate '<U+00C6>' to native encoding
     unable to translate '<U+00E6>' to native encoding
     unable to translate '<U+00D8>' to native encoding
     unable to translate '<U+00F8>' to native encoding
     unable to translate '<U+00C5>' to native encoding
     unable to translate '<U+00E5>' to native encoding
Flavors: r-devel-windows-x86_64, r-devel-windows-x86_64-gcc10-UCRT, r-oldrel-windows-ix86+x86_64