CRAN Package Check Results for Package smoof

Last updated on 2021-12-01 15:52:11 CET.

Flavor Version Tinstall Tcheck Ttotal Status Flags
r-devel-linux-x86_64-debian-clang 1.6.0.2 84.37 111.88 196.25 NOTE
r-devel-linux-x86_64-debian-gcc 1.6.0.2 60.04 85.55 145.59 NOTE
r-devel-linux-x86_64-fedora-clang 1.6.0.2 284.37 NOTE
r-devel-linux-x86_64-fedora-gcc 1.6.0.2 252.93 NOTE
r-devel-windows-x86_64-new-UL 1.6.0.2 133.00 202.00 335.00 NOTE
r-devel-windows-x86_64-new-TK 1.6.0.2 NOTE
r-devel-windows-x86_64-old 1.6.0.2 113.00 100.00 213.00 NOTE
r-patched-linux-x86_64 1.6.0.2 54.60 106.61 161.21 NOTE
r-patched-solaris-x86 1.6.0.2 275.10 NOTE
r-release-linux-x86_64 1.6.0.2 72.60 106.81 179.41 NOTE
r-release-macos-arm64 1.6.0.2 NOTE
r-release-macos-x86_64 1.6.0.2 NOTE
r-release-windows-ix86+x86_64 1.6.0.2 209.00 140.00 349.00 NOTE
r-oldrel-macos-x86_64 1.6.0.2 NOTE
r-oldrel-windows-ix86+x86_64 1.6.0.2 150.00 144.00 294.00 NOTE

Check Details

Version: 1.6.0.2
Check: package dependencies
Result: NOTE
    Package suggested but not available for checking: 'rPython'
Flavors: r-devel-linux-x86_64-debian-clang, r-devel-linux-x86_64-debian-gcc, r-devel-linux-x86_64-fedora-clang, r-devel-linux-x86_64-fedora-gcc, r-devel-windows-x86_64-new-UL, r-devel-windows-x86_64-new-TK, r-devel-windows-x86_64-old, r-patched-linux-x86_64, r-patched-solaris-x86, r-release-linux-x86_64, r-release-macos-arm64, r-release-macos-x86_64, r-release-windows-ix86+x86_64, r-oldrel-macos-x86_64, r-oldrel-windows-ix86+x86_64

Version: 1.6.0.2
Check: LazyData
Result: NOTE
     'LazyData' is specified without a 'data' directory
Flavors: r-devel-linux-x86_64-debian-clang, r-devel-linux-x86_64-debian-gcc, r-devel-linux-x86_64-fedora-clang, r-devel-linux-x86_64-fedora-gcc, r-devel-windows-x86_64-new-UL, r-devel-windows-x86_64-new-TK, r-devel-windows-x86_64-old, r-patched-linux-x86_64, r-patched-solaris-x86, r-release-linux-x86_64, r-release-macos-arm64, r-release-macos-x86_64, r-release-windows-ix86+x86_64