CRAN Package Check Results for Package smmR

Last updated on 2023-01-31 04:06:34 CET.

Flavor Version Tinstall Tcheck Ttotal Status Flags
r-devel-linux-x86_64-debian-clang 1.0.3 46.57 103.94 150.51 OK
r-devel-linux-x86_64-debian-gcc 1.0.3 43.57 73.72 117.29 NOTE
r-devel-linux-x86_64-fedora-clang 1.0.3 208.27 NOTE
r-devel-linux-x86_64-fedora-gcc 1.0.3 215.29 NOTE
r-devel-windows-x86_64 1.0.3 74.00 155.00 229.00 NOTE
r-patched-linux-x86_64 1.0.3 45.39 94.32 139.71 OK
r-release-linux-x86_64 1.0.3 49.40 95.26 144.66 OK
r-release-macos-arm64 1.0.3 49.00 NOTE
r-release-macos-x86_64 1.0.3 67.00 NOTE
r-release-windows-x86_64 1.0.3 68.00 154.00 222.00 OK
r-oldrel-macos-arm64 1.0.3 56.00 NOTE
r-oldrel-macos-x86_64 1.0.3 68.00 NOTE
r-oldrel-windows-ix86+x86_64 1.0.3 119.00 152.00 271.00 OK

Check Details

Version: 1.0.3
Check: C++ specification
Result: NOTE
     Specified C++11: please update to current default of C++17
Flavors: r-devel-linux-x86_64-debian-gcc, r-devel-linux-x86_64-fedora-clang, r-devel-linux-x86_64-fedora-gcc, r-devel-windows-x86_64

Version: 1.0.3
Check: installed package size
Result: NOTE
     installed size is 5.2Mb
     sub-directories of 1Mb or more:
     libs 4.4Mb
Flavors: r-release-macos-arm64, r-release-macos-x86_64, r-oldrel-macos-arm64, r-oldrel-macos-x86_64