CRAN Package Check Results for Package smd

Last updated on 2022-01-23 02:56:25 CET.

Flavor Version Tinstall Tcheck Ttotal Status Flags
r-devel-linux-x86_64-debian-clang 0.6.6 2.70 37.02 39.72 NOTE
r-devel-linux-x86_64-debian-gcc 0.6.6 2.26 28.26 30.52 NOTE
r-devel-linux-x86_64-fedora-clang 0.6.6 49.20 NOTE
r-devel-linux-x86_64-fedora-gcc 0.6.6 38.59 NOTE
r-devel-windows-x86_64-new-UL 0.6.6 23.00 58.00 81.00 NOTE
r-devel-windows-x86_64-new-TK 0.6.6 NOTE
r-patched-linux-x86_64 0.6.6 2.35 34.67 37.02 NOTE
r-release-linux-x86_64 0.6.6 2.55 34.48 37.03 NOTE
r-release-macos-arm64 0.6.6 NOTE
r-release-macos-x86_64 0.6.6 NOTE
r-release-windows-ix86+x86_64 0.6.6 6.00 44.00 50.00 NOTE
r-oldrel-macos-x86_64 0.6.6 NOTE
r-oldrel-windows-ix86+x86_64 0.6.6 6.00 43.00 49.00 OK

Check Details

Version: 0.6.6
Check: LazyData
Result: NOTE
     'LazyData' is specified without a 'data' directory
Flavors: r-devel-linux-x86_64-debian-clang, r-devel-linux-x86_64-debian-gcc, r-devel-linux-x86_64-fedora-clang, r-devel-linux-x86_64-fedora-gcc, r-devel-windows-x86_64-new-UL, r-devel-windows-x86_64-new-TK, r-patched-linux-x86_64, r-release-linux-x86_64, r-release-macos-arm64, r-release-macos-x86_64, r-release-windows-ix86+x86_64

Version: 0.6.6
Check: dependencies in R code
Result: NOTE
    Namespace in Imports field not imported from: ‘methods’
     All declared Imports should be used.
Flavors: r-devel-linux-x86_64-fedora-clang, r-devel-linux-x86_64-fedora-gcc, r-devel-windows-x86_64-new-TK, r-release-macos-arm64, r-release-macos-x86_64, r-oldrel-macos-x86_64