CRAN Package Check Results for Package smcfcs

Last updated on 2022-01-27 04:05:37 CET.

Flavor Version Tinstall Tcheck Ttotal Status Flags
r-devel-linux-x86_64-debian-clang 1.6.1 9.45 141.40 150.85 OK
r-devel-linux-x86_64-debian-gcc 1.6.1 9.28 107.61 116.89 OK
r-devel-linux-x86_64-fedora-clang 1.6.1 186.68 NOTE
r-devel-linux-x86_64-fedora-gcc 1.6.1 178.60 OK
r-devel-windows-x86_64-new-UL 1.6.1 41.00 169.00 210.00 OK
r-devel-windows-x86_64-new-TK 1.6.1 OK
r-patched-linux-x86_64 1.6.1 8.97 142.81 151.78 OK
r-release-linux-x86_64 1.6.1 9.49 141.50 150.99 OK
r-release-macos-arm64 1.6.0 OK
r-release-macos-x86_64 1.6.1 OK
r-release-windows-ix86+x86_64 1.6.1 23.00 160.00 183.00 OK
r-oldrel-macos-x86_64 1.6.1 OK
r-oldrel-windows-ix86+x86_64 1.6.1 21.00 158.00 179.00 OK

Check Details

Version: 1.6.1
Check: Rd cross-references
Result: NOTE
    Undeclared package ‘mice’ in Rd xrefs
Flavor: r-devel-linux-x86_64-fedora-clang