CRAN Package Check Results for Package smam

Last updated on 2021-11-28 15:48:55 CET.

Flavor Version Tinstall Tcheck Ttotal Status Flags
r-devel-linux-x86_64-debian-clang 0.6.0 NOTE
r-devel-linux-x86_64-debian-gcc 0.6.0 60.34 42.17 102.51 NOTE
r-devel-linux-x86_64-fedora-clang 0.6.0 212.41 NOTE
r-devel-linux-x86_64-fedora-gcc 0.6.0 180.80 NOTE
r-devel-windows-x86_64-new-UL 0.6.0 124.00 126.00 250.00 NOTE
r-devel-windows-x86_64-new-TK 0.6.0 NOTE
r-devel-windows-x86_64-old 0.6.0 98.00 91.00 189.00 NOTE
r-patched-linux-x86_64 0.6.0 65.17 49.95 115.12 NOTE
r-patched-solaris-x86 0.6.0 183.60 NOTE
r-release-linux-x86_64 0.6.0 70.63 49.82 120.45 NOTE
r-release-macos-arm64 0.6.0 NOTE
r-release-macos-x86_64 0.6.0 NOTE
r-release-windows-ix86+x86_64 0.6.0 202.00 91.00 293.00 NOTE
r-oldrel-macos-x86_64 0.6.0 NOTE
r-oldrel-windows-ix86+x86_64 0.6.0 185.00 111.00 296.00 NOTE

Check Details

Version: 0.6.0
Check: for GNU extensions in Makefiles
Result: NOTE
    GNU make is a SystemRequirements.
Flavors: r-devel-linux-x86_64-debian-clang, r-devel-linux-x86_64-debian-gcc, r-devel-linux-x86_64-fedora-clang, r-devel-linux-x86_64-fedora-gcc, r-devel-windows-x86_64-new-UL, r-devel-windows-x86_64-new-TK, r-devel-windows-x86_64-old, r-patched-linux-x86_64, r-patched-solaris-x86, r-release-linux-x86_64, r-release-macos-arm64, r-release-macos-x86_64, r-release-windows-ix86+x86_64, r-oldrel-macos-x86_64, r-oldrel-windows-ix86+x86_64

Version: 0.6.0
Check: installed package size
Result: NOTE
     installed size is 5.3Mb
     sub-directories of 1Mb or more:
     libs 4.7Mb
Flavors: r-devel-linux-x86_64-fedora-clang, r-release-macos-arm64, r-release-macos-x86_64, r-oldrel-macos-x86_64