CRAN Package Check Results for Package smacof

Last updated on 2021-10-23 05:02:50 CEST.

Flavor Version Tinstall Tcheck Ttotal Status Flags
r-devel-linux-x86_64-debian-clang 2.1-3 24.60 344.92 369.52 OK
r-devel-linux-x86_64-debian-gcc 2.1-3 17.55 242.76 260.31 OK
r-devel-linux-x86_64-fedora-clang 2.1-3 435.75 NOTE
r-devel-linux-x86_64-fedora-gcc 2.1-3 418.24 NOTE
r-devel-windows-x86_64 2.1-3 37.00 280.00 317.00 OK
r-devel-windows-x86_64-gcc10-UCRT 2.1-3 NOTE
r-patched-linux-x86_64 2.1-3 29.69 316.31 346.00 OK
r-patched-solaris-x86 2.1-3 530.90 NOTE
r-release-linux-x86_64 2.1-3 20.03 315.34 335.37 OK
r-release-macos-arm64 2.1-3 NOTE
r-release-macos-x86_64 2.1-3 NOTE
r-release-windows-ix86+x86_64 2.1-3 37.00 462.00 499.00 OK
r-oldrel-macos-x86_64 2.1-3 NOTE
r-oldrel-windows-ix86+x86_64 2.1-3 56.00 457.00 513.00 OK

Check Details

Version: 2.1-3
Check: data for non-ASCII characters
Result: NOTE
     Note: found 15 marked Latin-1 strings
     Note: found 2 marked UTF-8 strings
Flavors: r-devel-linux-x86_64-fedora-clang, r-devel-linux-x86_64-fedora-gcc, r-devel-windows-x86_64-gcc10-UCRT, r-patched-solaris-x86, r-release-macos-arm64, r-release-macos-x86_64, r-oldrel-macos-x86_64