CRAN Package Check Results for Package slp

Last updated on 2022-01-18 03:52:27 CET.

Flavor Version Tinstall Tcheck Ttotal Status Flags
r-devel-linux-x86_64-debian-clang 1.0-5 8.21 79.04 87.25 OK
r-devel-linux-x86_64-debian-gcc 1.0-5 7.44 62.11 69.55 OK
r-devel-linux-x86_64-fedora-clang 1.0-5 112.64 NOTE
r-devel-linux-x86_64-fedora-gcc 1.0-5 102.78 NOTE
r-devel-windows-x86_64-new-UL 1.0-5 42.00 106.00 148.00 OK
r-devel-windows-x86_64-new-TK 1.0-5 OK
r-patched-linux-x86_64 1.0-5 6.89 77.96 84.85 OK
r-release-linux-x86_64 1.0-5 OK
r-release-macos-arm64 1.0-5 OK
r-release-macos-x86_64 1.0-5 OK
r-release-windows-ix86+x86_64 1.0-5 22.00 123.00 145.00 OK
r-oldrel-macos-x86_64 1.0-5 OK
r-oldrel-windows-ix86+x86_64 1.0-5 21.00 123.00 144.00 OK

Check Details

Version: 1.0-5
Check: compiled code
Result: NOTE
    File ‘slp/libs/slp.so’:
     Found no calls to: ‘R_registerRoutines’, ‘R_useDynamicSymbols’
    
    It is good practice to register native routines and to disable symbol
    search.
    
    See ‘Writing portable packages’ in the ‘Writing R Extensions’ manual.
Flavors: r-devel-linux-x86_64-fedora-clang, r-devel-linux-x86_64-fedora-gcc