CRAN Package Check Results for Package skynet

Last updated on 2022-01-28 15:53:26 CET.

Flavor Version Tinstall Tcheck Ttotal Status Flags
r-devel-linux-x86_64-debian-clang 1.4.0 10.57 116.08 126.65 OK
r-devel-linux-x86_64-debian-gcc 1.4.0 8.58 85.00 93.58 OK
r-devel-linux-x86_64-fedora-clang 1.4.0 133.26 NOTE
r-devel-linux-x86_64-fedora-gcc 1.4.0 126.51 NOTE
r-devel-windows-x86_64-new-UL 1.4.0 74.00 143.00 217.00 OK
r-devel-windows-x86_64-new-TK 1.4.0 NOTE
r-patched-linux-x86_64 1.4.0 7.61 95.56 103.17 OK
r-release-linux-x86_64 1.4.0 8.86 94.88 103.74 OK
r-release-macos-arm64 1.4.0 NOTE
r-release-macos-x86_64 1.4.0 NOTE
r-release-windows-ix86+x86_64 1.4.0 21.00 120.00 141.00 OK
r-oldrel-macos-x86_64 1.4.0 NOTE
r-oldrel-windows-ix86+x86_64 1.4.0 22.00 123.00 145.00 OK

Check Details

Version: 1.4.0
Check: dependencies in R code
Result: NOTE
    Namespace in Imports field not imported from: ‘maps’
     All declared Imports should be used.
Flavors: r-devel-linux-x86_64-fedora-clang, r-devel-linux-x86_64-fedora-gcc, r-devel-windows-x86_64-new-TK, r-release-macos-arm64, r-release-macos-x86_64, r-oldrel-macos-x86_64