CRAN Package Check Results for Package sketcher

Last updated on 2021-10-17 03:52:18 CEST.

Flavor Version Tinstall Tcheck Ttotal Status Flags
r-devel-linux-x86_64-debian-clang 0.1.3 4.51 30.07 34.58 OK
r-devel-linux-x86_64-debian-gcc 0.1.3 3.85 23.85 27.70 OK
r-devel-linux-x86_64-fedora-clang 0.1.3 52.90 NOTE
r-devel-linux-x86_64-fedora-gcc 0.1.3 41.71 NOTE
r-devel-windows-x86_64 0.1.3 7.00 41.00 48.00 OK
r-devel-windows-x86_64-gcc10-UCRT 0.1.3 NOTE
r-patched-linux-x86_64 0.1.3 4.66 29.66 34.32 OK
r-patched-solaris-x86 0.1.3 65.90 NOTE
r-release-linux-x86_64 0.1.3 3.95 29.49 33.44 OK
r-release-macos-arm64 0.1.3 NOTE
r-release-macos-x86_64 0.1.3 NOTE
r-release-windows-ix86+x86_64 0.1.3 9.00 47.00 56.00 OK
r-oldrel-macos-x86_64 0.1.3 NOTE
r-oldrel-windows-ix86+x86_64 0.1.3 9.00 49.00 58.00 OK

Check Details

Version: 0.1.3
Check: dependencies in R code
Result: NOTE
    Namespaces in Imports field not imported from:
     ‘dplyr’ ‘methods’
     All declared Imports should be used.
Flavors: r-devel-linux-x86_64-fedora-clang, r-devel-linux-x86_64-fedora-gcc, r-devel-windows-x86_64-gcc10-UCRT, r-patched-solaris-x86, r-release-macos-arm64, r-release-macos-x86_64, r-oldrel-macos-x86_64