CRAN Package Check Results for Package sits

Last updated on 2022-10-03 15:54:11 CEST.

Flavor Version Tinstall Tcheck Ttotal Status Flags
r-devel-linux-x86_64-debian-clang 1.1.0 147.67 183.22 330.89 OK
r-devel-linux-x86_64-debian-gcc 1.1.0 109.10 133.97 243.07 OK
r-devel-linux-x86_64-fedora-clang 1.1.0 475.96 OK
r-devel-linux-x86_64-fedora-gcc 1.1.0 435.12 OK
r-devel-windows-x86_64 1.1.0 310.00 276.00 586.00 OK
r-patched-linux-x86_64 1.1.0 127.16 158.23 285.39 OK
r-release-linux-x86_64 1.1.0 112.25 157.96 270.21 OK
r-release-macos-arm64 1.1.0 99.00 NOTE
r-release-macos-x86_64 1.1.0 130.00 NOTE
r-release-windows-x86_64 1.1.0 235.00 224.00 459.00 OK
r-oldrel-macos-arm64 1.1.0 108.00 WARN
r-oldrel-macos-x86_64 1.1.0 128.00 WARN
r-oldrel-windows-ix86+x86_64 1.1.0 354.00 244.00 598.00 NOTE

Check Details

Version: 1.1.0
Check: installed package size
Result: NOTE
     installed size is 7.6Mb
     sub-directories of 1Mb or more:
     extdata 1.6Mb
     libs 4.0Mb
Flavors: r-release-macos-arm64, r-release-macos-x86_64, r-oldrel-macos-arm64, r-oldrel-macos-x86_64, r-oldrel-windows-ix86+x86_64

Version: 1.1.0
Check: for executable files
Result: WARN
    Found the following executable file:
     inst/extdata/shapefiles/df_bsb/df_bsb.dbf
    Source packages should not contain undeclared executable files.
    See section ‘Package structure’ in the ‘Writing R Extensions’ manual.
Flavors: r-oldrel-macos-arm64, r-oldrel-macos-x86_64