CRAN Package Check Results for Package siteymlgen

Last updated on 2024-07-24 15:51:49 CEST.

Flavor Version Tinstall Tcheck Ttotal Status Flags
r-devel-linux-x86_64-debian-clang 1.0.0 2.08 31.57 33.65 NOTE
r-devel-linux-x86_64-debian-gcc 1.0.0 1.85 23.65 25.50 NOTE
r-devel-linux-x86_64-fedora-clang 1.0.0 45.29 NOTE
r-devel-linux-x86_64-fedora-gcc 1.0.0 53.11 NOTE
r-devel-windows-x86_64 1.0.0 4.00 48.00 52.00 NOTE
r-patched-linux-x86_64 1.0.0 2.61 29.88 32.49 NOTE
r-release-linux-x86_64 1.0.0 2.19 30.30 32.49 NOTE
r-release-macos-arm64 1.0.0 25.00 NOTE
r-release-macos-x86_64 1.0.0 37.00 NOTE
r-release-windows-x86_64 1.0.0 4.00 47.00 51.00 NOTE
r-oldrel-macos-arm64 1.0.0 27.00 NOTE
r-oldrel-macos-x86_64 1.0.0 37.00 NOTE
r-oldrel-windows-x86_64 1.0.0 6.00 49.00 55.00 NOTE

Check Details

Version: 1.0.0
Check: LazyData
Result: NOTE 'LazyData' is specified without a 'data' directory Flavors: r-devel-linux-x86_64-debian-clang, r-devel-linux-x86_64-debian-gcc, r-devel-linux-x86_64-fedora-clang, r-devel-linux-x86_64-fedora-gcc, r-devel-windows-x86_64, r-patched-linux-x86_64, r-release-linux-x86_64, r-release-macos-arm64, r-release-macos-x86_64, r-release-windows-x86_64, r-oldrel-macos-arm64, r-oldrel-macos-x86_64, r-oldrel-windows-x86_64

Version: 1.0.0
Check: dependencies in R code
Result: NOTE Namespaces in Imports field not imported from: ‘data.table’ ‘dplyr’ ‘rmarkdown’ ‘yaml’ All declared Imports should be used. Flavors: r-devel-linux-x86_64-fedora-clang, r-devel-linux-x86_64-fedora-gcc