CRAN Package Check Results for Package sistec

Last updated on 2021-08-05 15:53:02 CEST.

Flavor Version Tinstall Tcheck Ttotal Status Flags
r-devel-linux-x86_64-debian-clang 0.2.0 7.29 62.99 70.28 NOTE
r-devel-linux-x86_64-debian-gcc 0.2.0 5.69 45.79 51.48 NOTE
r-devel-linux-x86_64-fedora-clang 0.2.0 90.09 NOTE
r-devel-linux-x86_64-fedora-gcc 0.2.0 77.40 NOTE
r-devel-windows-x86_64 0.2.0 12.00 65.00 77.00 NOTE
r-devel-windows-x86_64-gcc10-UCRT 0.2.0 ERROR
r-patched-linux-x86_64 0.2.0 7.06 57.84 64.90 NOTE
r-patched-solaris-x86 0.2.0 114.50 NOTE
r-release-linux-x86_64 0.2.0 7.33 57.68 65.01 NOTE
r-release-macos-arm64 0.2.0 NOTE
r-release-macos-x86_64 0.2.0 NOTE
r-release-windows-ix86+x86_64 0.2.0 17.00 81.00 98.00 NOTE
r-oldrel-macos-x86_64 0.2.0 NOTE
r-oldrel-windows-ix86+x86_64 0.2.0 35.00 86.00 121.00 OK

Check Details

Version: 0.2.0
Check: LazyData
Result: NOTE
     'LazyData' is specified without a 'data' directory
Flavors: r-devel-linux-x86_64-debian-clang, r-devel-linux-x86_64-debian-gcc, r-devel-linux-x86_64-fedora-clang, r-devel-linux-x86_64-fedora-gcc, r-devel-windows-x86_64, r-patched-linux-x86_64, r-patched-solaris-x86, r-release-linux-x86_64, r-release-macos-arm64, r-release-macos-x86_64, r-release-windows-ix86+x86_64

Version: 0.2.0
Check: dependencies in R code
Result: NOTE
    Namespace in Imports field not imported from: ‘stringi’
     All declared Imports should be used.
Flavors: r-devel-linux-x86_64-fedora-clang, r-devel-linux-x86_64-fedora-gcc, r-patched-solaris-x86, r-release-macos-arm64, r-release-macos-x86_64, r-oldrel-macos-x86_64

Version: 0.2.0
Check: package dependencies
Result: ERROR
    Package required but not available: 'dplyr'
    
    Package suggested but not available for checking: 'testthat'
    
    See section 'The DESCRIPTION file' in the 'Writing R Extensions'
    manual.
Flavor: r-devel-windows-x86_64-gcc10-UCRT