CRAN Package Check Results for Package singleCellHaystack

Last updated on 2022-12-04 15:53:51 CET.

Flavor Version Tinstall Tcheck Ttotal Status Flags
r-devel-linux-x86_64-debian-clang 0.3.4 12.63 231.13 243.76 OK
r-devel-linux-x86_64-debian-gcc 0.3.4 9.51 177.25 186.76 OK
r-devel-linux-x86_64-fedora-clang 0.3.4 318.40 OK
r-devel-linux-x86_64-fedora-gcc 0.3.4 299.19 OK
r-devel-windows-x86_64 0.3.4 140.00 261.00 401.00 OK
r-patched-linux-x86_64 0.3.4 10.57 220.42 230.99 OK
r-release-linux-x86_64 0.3.4 10.47 228.76 239.23 OK
r-release-macos-arm64 0.3.4 91.00 NOTE
r-release-macos-x86_64 0.3.4 181.00 OK
r-release-windows-x86_64 0.3.4 62.00 267.00 329.00 OK
r-oldrel-macos-arm64 0.3.4 112.00 NOTE
r-oldrel-macos-x86_64 0.3.4 173.00 OK
r-oldrel-windows-ix86+x86_64 0.3.4 27.00 264.00 291.00 OK

Check Details

Version: 0.3.4
Check: package dependencies
Result: NOTE
    Packages suggested but not available for checking:
     'SummarizedExperiment', 'SingleCellExperiment'
Flavors: r-release-macos-arm64, r-oldrel-macos-arm64