CRAN Package Check Results for Package sindyr

Last updated on 2022-01-28 15:53:26 CET.

Flavor Version Tinstall Tcheck Ttotal Status Flags
r-devel-linux-x86_64-debian-clang 0.2.3 3.04 47.70 50.74 OK
r-devel-linux-x86_64-debian-gcc 0.2.3 2.40 36.98 39.38 OK
r-devel-linux-x86_64-fedora-clang 0.2.3 61.81 NOTE
r-devel-linux-x86_64-fedora-gcc 0.2.3 50.22 NOTE
r-devel-windows-x86_64-new-UL 0.2.3 17.00 67.00 84.00 OK
r-devel-windows-x86_64-new-TK 0.2.3 ERROR
r-patched-linux-x86_64 0.2.3 2.81 46.22 49.03 OK
r-release-linux-x86_64 0.2.3 2.68 45.59 48.27 OK
r-release-macos-arm64 0.2.3 NOTE
r-release-macos-x86_64 0.2.3 NOTE
r-release-windows-ix86+x86_64 0.2.3 10.00 63.00 73.00 OK
r-oldrel-macos-x86_64 0.2.3 NOTE
r-oldrel-windows-ix86+x86_64 0.2.3 9.00 60.00 69.00 OK

Check Details

Version: 0.2.3
Check: dependencies in R code
Result: NOTE
    Namespaces in Imports field not imported from:
     ‘crqa’ ‘plot3D’
     All declared Imports should be used.
Flavors: r-devel-linux-x86_64-fedora-clang, r-devel-linux-x86_64-fedora-gcc, r-release-macos-arm64, r-release-macos-x86_64, r-oldrel-macos-x86_64

Version: 0.2.3
Check: package dependencies
Result: ERROR
    Package required but not available: 'crqa'
    
    See section 'The DESCRIPTION file' in the 'Writing R Extensions'
    manual.
Flavor: r-devel-windows-x86_64-new-TK