CRAN Package Check Results for Package sims

Last updated on 2021-11-29 03:53:21 CET.

Flavor Version Tinstall Tcheck Ttotal Status Flags
r-devel-linux-x86_64-debian-clang 0.0.3 OK
r-devel-linux-x86_64-debian-gcc 0.0.3 2.61 39.84 42.45 OK
r-devel-linux-x86_64-fedora-clang 0.0.3 75.42 OK
r-devel-linux-x86_64-fedora-gcc 0.0.3 62.13 OK
r-devel-windows-x86_64-new-UL 0.0.3 11.00 105.00 116.00 OK
r-devel-windows-x86_64-new-TK 0.0.3 FAIL
r-devel-windows-x86_64-old 0.0.3 6.00 94.00 100.00 OK
r-patched-linux-x86_64 0.0.3 4.11 46.63 50.74 OK
r-patched-solaris-x86 0.0.3 104.40 OK
r-release-linux-x86_64 0.0.3 3.77 46.87 50.64 OK
r-release-macos-arm64 0.0.3 OK
r-release-macos-x86_64 0.0.3 OK
r-release-windows-ix86+x86_64 0.0.3 9.00 61.00 70.00 OK
r-oldrel-macos-x86_64 0.0.3 OK
r-oldrel-windows-ix86+x86_64 0.0.3 14.00 84.00 98.00 OK

Check Details

Version: 0.0.3
Check: re-building of vignette outputs
Result: FAIL
Flavor: r-devel-windows-x86_64-new-TK