CRAN Package Check Results for Package simest

Last updated on 2022-01-20 15:57:11 CET.

Flavor Version Tinstall Tcheck Ttotal Status Flags
r-devel-linux-x86_64-debian-clang 0.4 NOTE
r-devel-linux-x86_64-debian-gcc 0.4 13.80 108.04 121.84 NOTE
r-devel-linux-x86_64-fedora-clang 0.4 194.63 NOTE
r-devel-linux-x86_64-fedora-gcc 0.4 180.93 NOTE
r-devel-windows-x86_64-new-UL 0.4 37.00 163.00 200.00 NOTE
r-devel-windows-x86_64-new-TK 0.4 NOTE
r-patched-linux-x86_64 0.4 22.72 136.03 158.75 NOTE
r-release-linux-x86_64 0.4 12.58 136.39 148.97 NOTE
r-release-macos-arm64 0.4 NOTE
r-release-macos-x86_64 0.4 NOTE
r-release-windows-ix86+x86_64 0.4 43.00 211.00 254.00 NOTE
r-oldrel-macos-x86_64 0.4 OK
r-oldrel-windows-ix86+x86_64 0.4 45.00 207.00 252.00 OK

Check Details

Version: 0.4
Check: LazyData
Result: NOTE
     'LazyData' is specified without a 'data' directory
Flavors: r-devel-linux-x86_64-debian-clang, r-devel-linux-x86_64-debian-gcc, r-devel-linux-x86_64-fedora-clang, r-devel-linux-x86_64-fedora-gcc, r-devel-windows-x86_64-new-UL, r-devel-windows-x86_64-new-TK, r-patched-linux-x86_64, r-release-linux-x86_64, r-release-macos-arm64, r-release-macos-x86_64, r-release-windows-ix86+x86_64