Last updated on 2023-11-30 15:48:31 CET.
Flavor | Version | Tinstall | Tcheck | Ttotal | Status | Flags |
---|---|---|---|---|---|---|
r-devel-linux-x86_64-debian-clang | 0.3-6 | 52.81 | 86.53 | 139.34 | NOTE | |
r-devel-linux-x86_64-debian-gcc | 0.3-6 | 40.39 | 63.37 | 103.76 | NOTE | |
r-devel-linux-x86_64-fedora-clang | 0.6 | 210.79 | OK | |||
r-devel-linux-x86_64-fedora-gcc | 0.6 | 203.07 | OK | |||
r-devel-windows-x86_64 | 0.3-6 | 39.00 | 104.00 | 143.00 | OK | |
r-patched-linux-x86_64 | 0.3-6 | 47.82 | 82.62 | 130.44 | OK | |
r-release-linux-x86_64 | 0.3-6 | 49.53 | 81.38 | 130.91 | OK | |
r-release-macos-arm64 | 0.6 | 62.00 | OK | |||
r-release-macos-x86_64 | 0.3-6 | 92.00 | OK | |||
r-release-windows-x86_64 | 0.6 | 59.00 | 128.00 | 187.00 | OK | |
r-oldrel-macos-arm64 | 0.6 | 56.00 | OK | |||
r-oldrel-macos-x86_64 | 0.3-6 | 61.00 | OK | |||
r-oldrel-windows-x86_64 | 0.3-6 | 50.00 | 117.00 | 167.00 | OK |
Version: 0.3-6
Check: Rd files
Result: NOTE
checkRd: (-1) mouseL_cox.Rd:13: Lost braces
13 | \url{https://doi.org/10.1534/genetics.109.105486}{doi:10.1534/genetics.109.105486}
| ^
checkRd: (-1) mouseL_mgi.Rd:13: Lost braces
13 | \url{https://doi.org/10.1534/genetics.109.105486}{doi:10.1534/genetics.109.105486}
| ^
Flavors: r-devel-linux-x86_64-debian-clang, r-devel-linux-x86_64-debian-gcc