CRAN Package Check Results for Package simET

Last updated on 2024-07-16 15:48:22 CEST.

Flavor Version Tinstall Tcheck Ttotal Status Flags
r-devel-linux-x86_64-debian-clang 1.0.3 9.13 87.64 96.77 NOTE
r-devel-linux-x86_64-debian-gcc 1.0.3 7.64 63.23 70.87 NOTE
r-devel-linux-x86_64-fedora-clang 1.0.3 133.58 NOTE
r-devel-linux-x86_64-fedora-gcc 1.0.3 113.05 NOTE
r-devel-windows-x86_64 1.0.3 11.00 92.00 103.00 NOTE
r-patched-linux-x86_64 1.0.3 11.70 79.34 91.04 NOTE
r-release-linux-x86_64 1.0.3 9.67 83.37 93.04 NOTE
r-release-macos-arm64 1.0.3 34.00 NOTE
r-release-macos-x86_64 1.0.3 51.00 NOTE
r-release-windows-x86_64 1.0.3 11.00 92.00 103.00 NOTE
r-oldrel-macos-arm64 1.0.3 38.00 OK
r-oldrel-macos-x86_64 1.0.3 57.00 OK
r-oldrel-windows-x86_64 1.0.3 13.00 105.00 118.00 OK

Check Details

Version: 1.0.3
Check: Rd files
Result: NOTE checkRd: (-1) create_modelDF.Rd:25-38: Lost braces 25 | convert_xlsx_to_csv<-function(xlsx_file){ | ^ checkRd: (-1) create_modelDF.Rd:33-36: Lost braces 33 | for (i in Sheetnames) { | ^ Flavors: r-devel-linux-x86_64-debian-clang, r-devel-linux-x86_64-debian-gcc, r-devel-linux-x86_64-fedora-clang, r-devel-linux-x86_64-fedora-gcc, r-devel-windows-x86_64, r-patched-linux-x86_64, r-release-linux-x86_64, r-release-macos-arm64, r-release-macos-x86_64, r-release-windows-x86_64