CRAN Package Check Results for Package sigmajs

Last updated on 2021-12-06 15:52:21 CET.

Flavor Version Tinstall Tcheck Ttotal Status Flags
r-devel-linux-x86_64-debian-clang 0.1.5 4.70 61.60 66.30 OK
r-devel-linux-x86_64-debian-gcc 0.1.5 4.15 48.05 52.20 OK
r-devel-linux-x86_64-fedora-clang 0.1.5 81.90 NOTE
r-devel-linux-x86_64-fedora-gcc 0.1.5 71.23 NOTE
r-devel-windows-x86_64-new-UL 0.1.5 18.00 102.00 120.00 OK
r-devel-windows-x86_64-new-TK 0.1.5 NOTE
r-devel-windows-x86_64-old 0.1.5 10.00 65.00 75.00 OK
r-patched-linux-x86_64 0.1.5 5.79 51.59 57.38 OK
r-release-linux-x86_64 0.1.5 4.74 59.60 64.34 OK
r-release-macos-arm64 0.1.5 NOTE
r-release-macos-x86_64 0.1.5 NOTE
r-release-windows-ix86+x86_64 0.1.5 12.00 81.00 93.00 OK
r-oldrel-macos-x86_64 0.1.5 NOTE
r-oldrel-windows-ix86+x86_64 0.1.5 12.00 82.00 94.00 OK

Check Details

Version: 0.1.5
Check: data for non-ASCII characters
Result: NOTE
     Note: found 28 marked UTF-8 strings
Flavors: r-devel-linux-x86_64-fedora-clang, r-devel-linux-x86_64-fedora-gcc, r-devel-windows-x86_64-new-TK, r-release-macos-arm64, r-release-macos-x86_64, r-oldrel-macos-x86_64