CRAN Package Check Results for Package sievePH

Last updated on 2022-06-30 03:53:35 CEST.

Flavor Version Tinstall Tcheck Ttotal Status Flags
r-devel-linux-x86_64-debian-clang 1.0.1 11.18 85.93 97.11 NOTE
r-devel-linux-x86_64-debian-gcc 1.0.1 8.67 65.20 73.87 NOTE
r-devel-linux-x86_64-fedora-clang 1.0.1 124.22 NOTE
r-devel-linux-x86_64-fedora-gcc 1.0.1 125.82 NOTE
r-devel-windows-x86_64 1.0.1 21.00 106.00 127.00 NOTE
r-patched-linux-x86_64 1.0.1 10.80 82.63 93.43 NOTE
r-release-linux-x86_64 1.0.1 9.30 83.57 92.87 NOTE
r-release-macos-arm64 1.0.1 35.00 NOTE
r-release-macos-x86_64 1.0.1 48.00 NOTE
r-release-windows-x86_64 1.0.1 18.00 105.00 123.00 NOTE
r-oldrel-macos-arm64 1.0.1 38.00 NOTE
r-oldrel-macos-x86_64 1.0.1 69.00 NOTE
r-oldrel-windows-ix86+x86_64 1.0.1 20.00 102.00 122.00 NOTE

Check Details

Version: 1.0.1
Check: LazyData
Result: NOTE
     'LazyData' is specified without a 'data' directory
Flavors: r-devel-linux-x86_64-debian-clang, r-devel-linux-x86_64-debian-gcc, r-devel-linux-x86_64-fedora-clang, r-devel-linux-x86_64-fedora-gcc, r-devel-windows-x86_64, r-patched-linux-x86_64, r-release-linux-x86_64, r-release-macos-arm64, r-release-macos-x86_64, r-release-windows-x86_64, r-oldrel-macos-arm64, r-oldrel-macos-x86_64, r-oldrel-windows-ix86+x86_64