CRAN Package Check Results for Package shutterstock

Last updated on 2022-01-28 04:01:02 CET.

Flavor Version Tinstall Tcheck Ttotal Status Flags
r-devel-linux-x86_64-debian-clang 0.1.0 1.97 40.95 42.92 NOTE
r-devel-linux-x86_64-debian-gcc 0.1.0 2.20 34.06 36.26 NOTE
r-devel-linux-x86_64-fedora-clang 0.1.0 53.65 NOTE
r-devel-linux-x86_64-fedora-gcc 0.1.0 43.89 NOTE
r-devel-windows-x86_64-new-UL 0.1.0 182.00 71.00 253.00 NOTE
r-devel-windows-x86_64-new-TK 0.1.0 NOTE
r-patched-linux-x86_64 0.1.0 3.32 39.11 42.43 NOTE
r-release-linux-x86_64 0.1.0 2.18 38.60 40.78 NOTE
r-release-macos-arm64 0.1.0 NOTE
r-release-macos-x86_64 0.1.0 NOTE
r-release-windows-ix86+x86_64 0.1.0 6.00 52.00 58.00 NOTE
r-oldrel-macos-x86_64 0.1.0 OK
r-oldrel-windows-ix86+x86_64 0.1.0 7.00 54.00 61.00 OK

Check Details

Version: 0.1.0
Check: LazyData
Result: NOTE
     'LazyData' is specified without a 'data' directory
Flavors: r-devel-linux-x86_64-debian-clang, r-devel-linux-x86_64-debian-gcc, r-devel-linux-x86_64-fedora-clang, r-devel-linux-x86_64-fedora-gcc, r-devel-windows-x86_64-new-UL, r-devel-windows-x86_64-new-TK, r-patched-linux-x86_64, r-release-linux-x86_64, r-release-macos-arm64, r-release-macos-x86_64, r-release-windows-ix86+x86_64