Last updated on 2023-01-31 15:56:03 CET.
Flavor | Version | Tinstall | Tcheck | Ttotal | Status | Flags |
---|---|---|---|---|---|---|
r-devel-linux-x86_64-debian-clang | 2.0.6 | 212.80 | 67.67 | 280.47 | NOTE | |
r-devel-linux-x86_64-debian-gcc | 2.0.6 | 162.90 | 51.26 | 214.16 | NOTE | |
r-devel-linux-x86_64-fedora-clang | 2.0.6 | 422.80 | NOTE | |||
r-devel-linux-x86_64-fedora-gcc | 2.0.6 | 400.25 | NOTE | |||
r-devel-windows-x86_64 | 2.0.6 | 191.00 | 148.00 | 339.00 | NOTE | |
r-patched-linux-x86_64 | 2.0.6 | 173.27 | 63.96 | 237.23 | OK | |
r-release-linux-x86_64 | 2.0.6 | 178.96 | 63.20 | 242.16 | OK | |
r-release-macos-arm64 | 2.0.6 | 96.00 | NOTE | |||
r-release-macos-x86_64 | 2.0.6 | 111.00 | NOTE | |||
r-release-windows-x86_64 | 2.0.6 | 176.00 | 153.00 | 329.00 | OK | |
r-oldrel-macos-arm64 | 2.0.6 | 93.00 | NOTE | |||
r-oldrel-macos-x86_64 | 2.0.6 | 116.00 | NOTE | |||
r-oldrel-windows-ix86+x86_64 | 2.0.6 | 512.00 | 131.00 | 643.00 | OK |
Version: 2.0.6
Check: C++ specification
Result: NOTE
Specified C++11: please update to current default of C++17
Flavors: r-devel-linux-x86_64-debian-clang, r-devel-linux-x86_64-debian-gcc, r-devel-linux-x86_64-fedora-clang, r-devel-linux-x86_64-fedora-gcc, r-devel-windows-x86_64
Version: 2.0.6
Check: installed package size
Result: NOTE
installed size is 8.5Mb
sub-directories of 1Mb or more:
libs 7.6Mb
Flavors: r-release-macos-arm64, r-release-macos-x86_64, r-oldrel-macos-arm64, r-oldrel-macos-x86_64