CRAN Package Check Results for Package shinytest2

Last updated on 2024-07-24 03:49:28 CEST.

Flavor Version Tinstall Tcheck Ttotal Status Flags
r-devel-linux-x86_64-debian-clang 0.3.2 14.75 92.90 107.65 OK
r-devel-linux-x86_64-debian-gcc 0.3.2 11.04 68.95 79.99 NOTE
r-devel-linux-x86_64-fedora-clang 0.3.2 195.66 OK
r-devel-linux-x86_64-fedora-gcc 0.3.2 202.19 OK
r-devel-windows-x86_64 0.3.2 20.00 100.00 120.00 NOTE
r-patched-linux-x86_64 0.3.2 18.88 88.06 106.94 OK
r-release-linux-x86_64 0.3.2 8.71 89.54 98.25 OK
r-release-macos-arm64 0.3.2 81.00 OK
r-release-macos-x86_64 0.3.2 117.00 OK
r-release-windows-x86_64 0.3.2 15.00 101.00 116.00 OK
r-oldrel-macos-arm64 0.3.2 87.00 OK
r-oldrel-macos-x86_64 0.3.2 140.00 OK
r-oldrel-windows-x86_64 0.3.2 19.00 116.00 135.00 OK

Check Details

Version: 0.3.2
Check: Rd cross-references
Result: NOTE Found the following Rd file(s) with Rd \link{} targets missing package anchors: AppDriver.Rd: ChromoteSession Please provide package anchors for all Rd \link{} targets not in the package itself and the base packages. Flavors: r-devel-linux-x86_64-debian-gcc, r-devel-windows-x86_64