CRAN Package Check Results for Package shinystan

Last updated on 2021-10-24 15:51:18 CEST.

Flavor Version Tinstall Tcheck Ttotal Status Flags
r-devel-linux-x86_64-debian-clang 2.5.0 12.38 132.21 144.59 OK
r-devel-linux-x86_64-debian-gcc 2.5.0 9.66 98.17 107.83 OK
r-devel-linux-x86_64-fedora-clang 2.5.0 179.20 NOTE
r-devel-linux-x86_64-fedora-gcc 2.5.0 169.49 OK
r-devel-windows-x86_64 2.5.0 23.00 137.00 160.00 OK
r-devel-windows-x86_64-gcc10-UCRT 2.5.0 OK
r-patched-linux-x86_64 2.5.0 10.77 124.58 135.35 OK
r-patched-solaris-x86 2.5.0 257.00 OK
r-release-linux-x86_64 2.5.0 12.50 125.45 137.95 OK
r-release-macos-arm64 2.5.0 OK
r-release-macos-x86_64 2.5.0 OK
r-release-windows-ix86+x86_64 2.5.0 24.00 171.00 195.00 OK
r-oldrel-macos-x86_64 2.5.0 OK
r-oldrel-windows-ix86+x86_64 2.5.0 39.00 8.00 47.00 ERROR

Check Details

Version: 2.5.0
Check: Rd cross-references
Result: NOTE
    Undeclared package ‘brms’ in Rd xrefs
Flavor: r-devel-linux-x86_64-fedora-clang

Version: 2.5.0
Check: whether package can be installed
Result: ERROR
    Installation failed.
Flavor: r-oldrel-windows-ix86+x86_64