Last updated on 2023-02-05 03:53:59 CET.
Flavor | Version | Tinstall | Tcheck | Ttotal | Status | Flags |
---|---|---|---|---|---|---|
r-devel-linux-x86_64-debian-clang | 0.1.0 | 19.69 | 142.32 | 162.01 | NOTE | |
r-devel-linux-x86_64-debian-gcc | 0.1.0 | 13.71 | 103.20 | 116.91 | NOTE | |
r-devel-linux-x86_64-fedora-clang | 0.1.0 | 199.15 | NOTE | |||
r-devel-linux-x86_64-fedora-gcc | 0.1.0 | 187.48 | NOTE | |||
r-devel-windows-x86_64 | 0.1.0 | 23.00 | 158.00 | 181.00 | NOTE | |
r-patched-linux-x86_64 | 0.1.0 | 15.66 | 139.15 | 154.81 | NOTE | |
r-release-linux-x86_64 | 0.1.0 | 15.39 | 135.55 | 150.94 | NOTE | |
r-release-macos-arm64 | 0.1.0 | 53.00 | NOTE | |||
r-release-macos-x86_64 | 0.1.0 | 93.00 | NOTE | |||
r-release-windows-x86_64 | 0.1.0 | 26.00 | 170.00 | 196.00 | NOTE | |
r-oldrel-macos-arm64 | 0.1.0 | 66.00 | NOTE | |||
r-oldrel-macos-x86_64 | 0.1.0 | 92.00 | NOTE | |||
r-oldrel-windows-ix86+x86_64 | 0.1.0 | 43.00 | 166.00 | 209.00 | NOTE |
Version: 0.1.0
Check: LazyData
Result: NOTE
'LazyData' is specified without a 'data' directory
Flavors: r-devel-linux-x86_64-debian-clang, r-devel-linux-x86_64-debian-gcc, r-devel-linux-x86_64-fedora-clang, r-devel-linux-x86_64-fedora-gcc, r-devel-windows-x86_64, r-patched-linux-x86_64, r-release-linux-x86_64, r-release-macos-arm64, r-release-macos-x86_64, r-release-windows-x86_64, r-oldrel-macos-arm64, r-oldrel-macos-x86_64, r-oldrel-windows-ix86+x86_64