CRAN Package Check Results for Package shinypanels

Last updated on 2024-07-22 15:57:34 CEST.

Flavor Version Tinstall Tcheck Ttotal Status Flags
r-devel-linux-x86_64-debian-clang 0.5.0 3.15 31.18 34.33 NOTE
r-devel-linux-x86_64-debian-gcc 0.5.0 2.60 23.55 26.15 NOTE
r-devel-linux-x86_64-fedora-clang 0.5.0 42.91 NOTE
r-devel-linux-x86_64-fedora-gcc 0.5.0 39.92 NOTE
r-devel-windows-x86_64 0.5.0 6.00 46.00 52.00 NOTE
r-patched-linux-x86_64 0.5.0 3.18 29.71 32.89 NOTE
r-release-linux-x86_64 0.5.0 3.09 29.85 32.94 NOTE
r-release-macos-arm64 0.5.0 17.00 NOTE
r-release-macos-x86_64 0.5.0 25.00 NOTE
r-release-windows-x86_64 0.5.0 4.00 45.00 49.00 NOTE
r-oldrel-macos-arm64 0.5.0 18.00 NOTE
r-oldrel-macos-x86_64 0.5.0 24.00 NOTE
r-oldrel-windows-x86_64 0.5.0 5.00 47.00 52.00 NOTE

Check Details

Version: 0.5.0
Check: package subdirectories
Result: NOTE Problems with news in ‘NEWS.md’: No news entries found. Flavors: r-devel-linux-x86_64-debian-clang, r-devel-linux-x86_64-debian-gcc, r-devel-linux-x86_64-fedora-clang, r-devel-linux-x86_64-fedora-gcc, r-devel-windows-x86_64, r-patched-linux-x86_64, r-release-linux-x86_64, r-release-macos-arm64, r-release-macos-x86_64, r-release-windows-x86_64, r-oldrel-macos-arm64, r-oldrel-macos-x86_64, r-oldrel-windows-x86_64

Version: 0.5.0
Check: LazyData
Result: NOTE 'LazyData' is specified without a 'data' directory Flavors: r-devel-linux-x86_64-debian-clang, r-devel-linux-x86_64-debian-gcc, r-devel-linux-x86_64-fedora-clang, r-devel-linux-x86_64-fedora-gcc, r-devel-windows-x86_64, r-patched-linux-x86_64, r-release-linux-x86_64, r-release-macos-arm64, r-release-macos-x86_64, r-release-windows-x86_64, r-oldrel-macos-arm64, r-oldrel-macos-x86_64, r-oldrel-windows-x86_64

Version: 0.5.0
Check: dependencies in R code
Result: NOTE Namespaces in Imports field not imported from: ‘shiny’ ‘shinyjs’ All declared Imports should be used. Flavors: r-devel-linux-x86_64-fedora-clang, r-devel-linux-x86_64-fedora-gcc