CRAN Package Check Results for Package shinyShortcut

Last updated on 2023-02-08 04:07:16 CET.

Flavor Version Tinstall Tcheck Ttotal Status Flags
r-devel-linux-x86_64-debian-clang 0.1.0 1.62 21.45 23.07 NOTE
r-devel-linux-x86_64-debian-gcc 0.1.0 1.53 16.81 18.34 NOTE
r-devel-linux-x86_64-fedora-clang 0.1.0 29.55 NOTE
r-devel-linux-x86_64-fedora-gcc 0.1.0 41.29 NOTE
r-devel-windows-x86_64 0.1.0 4.00 50.00 54.00 NOTE
r-patched-linux-x86_64 0.1.0 1.88 21.69 23.57 NOTE
r-release-linux-x86_64 0.1.0 1.90 21.16 23.06 NOTE
r-release-macos-arm64 0.1.0 23.00 NOTE
r-release-macos-x86_64 0.1.0 26.00 NOTE
r-release-windows-x86_64 0.1.0 10.00 52.00 62.00 NOTE
r-oldrel-macos-arm64 0.1.0 34.00 NOTE
r-oldrel-macos-x86_64 0.1.0 44.00 NOTE
r-oldrel-windows-ix86+x86_64 0.1.0 5.00 48.00 53.00 NOTE

Check Details

Version: 0.1.0
Check: LazyData
Result: NOTE
     'LazyData' is specified without a 'data' directory
Flavors: r-devel-linux-x86_64-debian-clang, r-devel-linux-x86_64-debian-gcc, r-devel-linux-x86_64-fedora-clang, r-devel-linux-x86_64-fedora-gcc, r-devel-windows-x86_64, r-patched-linux-x86_64, r-release-linux-x86_64, r-release-macos-arm64, r-release-macos-x86_64, r-release-windows-x86_64, r-oldrel-macos-arm64, r-oldrel-macos-x86_64, r-oldrel-windows-ix86+x86_64

Version: 0.1.0
Check: for non-standard things in the check directory
Result: NOTE
    Found the following files/directories:
     ‘.shiny_run’ ‘shinyShortcut.desktop’
Flavors: r-devel-linux-x86_64-debian-clang, r-devel-linux-x86_64-debian-gcc, r-devel-linux-x86_64-fedora-clang, r-devel-linux-x86_64-fedora-gcc, r-patched-linux-x86_64, r-release-linux-x86_64