CRAN Package Check Results for Package shinySIR

Last updated on 2021-12-06 15:52:21 CET.

Flavor Version Tinstall Tcheck Ttotal Status Flags
r-devel-linux-x86_64-debian-clang 0.1.2 7.99 71.24 79.23 NOTE
r-devel-linux-x86_64-debian-gcc 0.1.2 6.35 54.55 60.90 NOTE
r-devel-linux-x86_64-fedora-clang 0.1.2 95.41 NOTE
r-devel-linux-x86_64-fedora-gcc 0.1.2 83.10 NOTE
r-devel-windows-x86_64-new-UL 0.1.2 17.00 105.00 122.00 NOTE
r-devel-windows-x86_64-new-TK 0.1.2 NOTE
r-devel-windows-x86_64-old 0.1.2 14.00 74.00 88.00 NOTE
r-patched-linux-x86_64 0.1.2 7.15 58.31 65.46 NOTE
r-release-linux-x86_64 0.1.2 6.57 66.00 72.57 NOTE
r-release-macos-arm64 0.1.2 NOTE
r-release-macos-x86_64 0.1.2 NOTE
r-release-windows-ix86+x86_64 0.1.2 18.00 87.00 105.00 NOTE
r-oldrel-macos-x86_64 0.1.2 OK
r-oldrel-windows-ix86+x86_64 0.1.2 18.00 94.00 112.00 OK

Check Details

Version: 0.1.2
Check: LazyData
Result: NOTE
     'LazyData' is specified without a 'data' directory
Flavors: r-devel-linux-x86_64-debian-clang, r-devel-linux-x86_64-debian-gcc, r-devel-linux-x86_64-fedora-clang, r-devel-linux-x86_64-fedora-gcc, r-devel-windows-x86_64-new-UL, r-devel-windows-x86_64-new-TK, r-devel-windows-x86_64-old, r-patched-linux-x86_64, r-release-linux-x86_64, r-release-macos-arm64, r-release-macos-x86_64, r-release-windows-ix86+x86_64