CRAN Package Check Results for Package shinyKnobs

Last updated on 2024-07-18 15:49:12 CEST.

Flavor Version Tinstall Tcheck Ttotal Status Flags
r-devel-linux-x86_64-debian-clang 0.1.3 3.55 36.89 40.44 NOTE
r-devel-linux-x86_64-debian-gcc 0.1.3 2.98 28.68 31.66 NOTE
r-devel-linux-x86_64-fedora-clang 0.1.3 51.51 NOTE
r-devel-linux-x86_64-fedora-gcc 0.1.3 48.61 NOTE
r-devel-windows-x86_64 0.1.3 5.00 54.00 59.00 NOTE
r-patched-linux-x86_64 0.1.3 2.93 35.35 38.28 NOTE
r-release-linux-x86_64 0.1.3 3.10 35.69 38.79 NOTE
r-release-macos-arm64 0.1.3 19.00 NOTE
r-release-macos-x86_64 0.1.3 29.00 NOTE
r-release-windows-x86_64 0.1.3 5.00 54.00 59.00 NOTE
r-oldrel-macos-arm64 0.1.3 21.00 NOTE
r-oldrel-macos-x86_64 0.1.3 28.00 NOTE
r-oldrel-windows-x86_64 0.1.3 6.00 56.00 62.00 NOTE

Check Details

Version: 0.1.3
Check: LazyData
Result: NOTE 'LazyData' is specified without a 'data' directory Flavors: r-devel-linux-x86_64-debian-clang, r-devel-linux-x86_64-debian-gcc, r-devel-linux-x86_64-fedora-clang, r-devel-linux-x86_64-fedora-gcc, r-devel-windows-x86_64, r-patched-linux-x86_64, r-release-linux-x86_64, r-release-macos-arm64, r-release-macos-x86_64, r-release-windows-x86_64, r-oldrel-macos-arm64, r-oldrel-macos-x86_64, r-oldrel-windows-x86_64