CRAN Package Check Results for Package shinyIRT

Last updated on 2022-01-21 03:56:12 CET.

Flavor Version Tinstall Tcheck Ttotal Status Flags
r-devel-linux-x86_64-debian-clang 0.1 NOTE
r-devel-linux-x86_64-debian-gcc 0.1 9.15 72.19 81.34 NOTE
r-devel-linux-x86_64-fedora-clang 0.1 126.33 NOTE
r-devel-linux-x86_64-fedora-gcc 0.1 113.75 NOTE
r-devel-windows-x86_64-new-UL 0.1 16.00 111.00 127.00 NOTE
r-devel-windows-x86_64-new-TK 0.1 NOTE
r-patched-linux-x86_64 0.1 10.02 91.06 101.08 NOTE
r-release-linux-x86_64 0.1 10.74 89.56 100.30 NOTE
r-release-macos-arm64 0.1 NOTE
r-release-macos-x86_64 0.1 NOTE
r-release-windows-ix86+x86_64 0.1 24.00 108.00 132.00 NOTE
r-oldrel-macos-x86_64 0.1 OK
r-oldrel-windows-ix86+x86_64 0.1 24.00 104.00 128.00 OK

Check Details

Version: 0.1
Check: LazyData
Result: NOTE
     'LazyData' is specified without a 'data' directory
Flavors: r-devel-linux-x86_64-debian-clang, r-devel-linux-x86_64-debian-gcc, r-devel-linux-x86_64-fedora-clang, r-devel-linux-x86_64-fedora-gcc, r-devel-windows-x86_64-new-UL, r-devel-windows-x86_64-new-TK, r-patched-linux-x86_64, r-release-linux-x86_64, r-release-macos-arm64, r-release-macos-x86_64, r-release-windows-ix86+x86_64