CRAN Package Check Results for Package shinyHeatmaply

Last updated on 2022-01-27 04:05:36 CET.

Flavor Version Tinstall Tcheck Ttotal Status Flags
r-devel-linux-x86_64-debian-clang 0.2.0 8.38 79.84 88.22 NOTE
r-devel-linux-x86_64-debian-gcc 0.2.0 4.58 60.98 65.56 NOTE
r-devel-linux-x86_64-fedora-clang 0.2.0 100.99 NOTE
r-devel-linux-x86_64-fedora-gcc 0.2.0 92.52 NOTE
r-devel-windows-x86_64-new-UL 0.2.0 20.00 104.00 124.00 NOTE
r-devel-windows-x86_64-new-TK 0.2.0 NOTE
r-patched-linux-x86_64 0.2.0 5.90 74.32 80.22 NOTE
r-release-linux-x86_64 0.2.0 5.34 73.63 78.97 NOTE
r-release-macos-arm64 0.2.0 NOTE
r-release-macos-x86_64 0.2.0 NOTE
r-release-windows-ix86+x86_64 0.2.0 21.00 92.00 113.00 NOTE
r-oldrel-macos-x86_64 0.2.0 OK
r-oldrel-windows-ix86+x86_64 0.2.0 21.00 92.00 113.00 OK

Check Details

Version: 0.2.0
Check: LazyData
Result: NOTE
     'LazyData' is specified without a 'data' directory
Flavors: r-devel-linux-x86_64-debian-clang, r-devel-linux-x86_64-debian-gcc, r-devel-linux-x86_64-fedora-clang, r-devel-linux-x86_64-fedora-gcc, r-devel-windows-x86_64-new-UL, r-devel-windows-x86_64-new-TK, r-patched-linux-x86_64, r-release-linux-x86_64, r-release-macos-arm64, r-release-macos-x86_64, r-release-windows-ix86+x86_64