CRAN Package Check Results for Package shinyCyJS

Last updated on 2022-07-04 15:54:53 CEST.

Flavor Version Tinstall Tcheck Ttotal Status Flags
r-devel-linux-x86_64-debian-clang 0.0.11 2.66 29.66 32.32 NOTE
r-devel-linux-x86_64-debian-gcc 0.0.11 2.33 23.52 25.85 NOTE
r-devel-linux-x86_64-fedora-clang 0.0.11 50.25 NOTE
r-devel-linux-x86_64-fedora-gcc 0.0.11 49.11 NOTE
r-devel-windows-x86_64 0.0.11 41.00 62.00 103.00 NOTE
r-patched-linux-x86_64 0.0.11 3.20 29.33 32.53 NOTE
r-release-linux-x86_64 0.0.11 3.11 29.36 32.47 NOTE
r-release-macos-arm64 0.0.11 17.00 NOTE
r-release-macos-x86_64 0.0.11 25.00 NOTE
r-release-windows-x86_64 0.0.11 96.00 57.00 153.00 NOTE
r-oldrel-macos-arm64 0.0.11 23.00 NOTE
r-oldrel-macos-x86_64 0.0.11 30.00 NOTE
r-oldrel-windows-ix86+x86_64 0.0.11 8.00 44.00 52.00 NOTE

Check Details

Version: 0.0.11
Check: LazyData
Result: NOTE
     'LazyData' is specified without a 'data' directory
Flavors: r-devel-linux-x86_64-debian-clang, r-devel-linux-x86_64-debian-gcc, r-devel-linux-x86_64-fedora-clang, r-devel-linux-x86_64-fedora-gcc, r-devel-windows-x86_64, r-patched-linux-x86_64, r-release-linux-x86_64, r-release-macos-arm64, r-release-macos-x86_64, r-release-windows-x86_64, r-oldrel-macos-arm64, r-oldrel-macos-x86_64, r-oldrel-windows-ix86+x86_64