CRAN Package Check Results for Package shinyCox

Last updated on 2024-07-24 15:51:49 CEST.

Flavor Version Tinstall Tcheck Ttotal Status Flags
r-devel-linux-x86_64-debian-clang 1.1.0 10.49 90.60 101.09 OK
r-devel-linux-x86_64-debian-gcc 1.1.0 7.10 66.15 73.25 NOTE
r-devel-linux-x86_64-fedora-clang 1.1.0 123.86 OK
r-devel-linux-x86_64-fedora-gcc 1.1.0 115.72 OK
r-devel-windows-x86_64 1.1.0 10.00 81.00 91.00 NOTE
r-patched-linux-x86_64 1.1.0 9.74 85.04 94.78 OK
r-release-linux-x86_64 1.1.0 10.30 85.03 95.33 OK
r-release-macos-arm64 1.1.0 32.00 OK
r-release-macos-x86_64 1.1.0 79.00 OK
r-release-windows-x86_64 1.1.0 9.00 81.00 90.00 OK
r-oldrel-macos-arm64 1.1.0 40.00 OK
r-oldrel-macos-x86_64 1.1.0 83.00 OK
r-oldrel-windows-x86_64 1.1.0 11.00 96.00 107.00 OK

Check Details

Version: 1.1.0
Check: Rd cross-references
Result: NOTE Found the following Rd file(s) with Rd \link{} targets missing package anchors: predict_se.Rd: survfit.coxph surv_pred_info.Rd: survfit.coxph Please provide package anchors for all Rd \link{} targets not in the package itself and the base packages. Flavors: r-devel-linux-x86_64-debian-gcc, r-devel-windows-x86_64