CRAN Package Check Results for Package shinyAce

Last updated on 2021-12-07 03:53:55 CET.

Flavor Version Tinstall Tcheck Ttotal Status Flags
r-devel-linux-x86_64-debian-clang 0.4.1 4.56 49.49 54.05 OK
r-devel-linux-x86_64-debian-gcc 0.4.1 4.08 40.44 44.52 OK
r-devel-linux-x86_64-fedora-clang 0.4.1 67.81 NOTE
r-devel-linux-x86_64-fedora-gcc 0.4.1 66.30 OK
r-devel-windows-x86_64-new-UL 0.4.1 40.00 92.00 132.00 NOTE
r-devel-windows-x86_64-new-TK 0.4.1 OK
r-devel-windows-x86_64-old 0.4.1 10.00 47.00 57.00 NOTE
r-patched-linux-x86_64 0.4.1 5.71 40.95 46.66 OK
r-release-linux-x86_64 0.4.1 4.93 48.59 53.52 OK
r-release-macos-arm64 0.4.1 NOTE
r-release-macos-x86_64 0.4.1 NOTE
r-release-windows-ix86+x86_64 0.4.1 11.00 63.00 74.00 NOTE
r-oldrel-macos-x86_64 0.4.1 NOTE
r-oldrel-windows-ix86+x86_64 0.4.1 14.00 65.00 79.00 NOTE

Check Details

Version: 0.4.1
Check: installed package size
Result: NOTE
     installed size is 8.2Mb
     sub-directories of 1Mb or more:
     www 7.7Mb
Flavors: r-devel-linux-x86_64-fedora-clang, r-devel-windows-x86_64-new-UL, r-devel-windows-x86_64-old, r-release-macos-arm64, r-release-macos-x86_64, r-release-windows-ix86+x86_64, r-oldrel-macos-x86_64, r-oldrel-windows-ix86+x86_64