Last updated on 2023-02-05 15:55:27 CET.
Flavor | Version | Tinstall | Tcheck | Ttotal | Status | Flags |
---|---|---|---|---|---|---|
r-devel-linux-x86_64-debian-clang | 0.2.1 | 5.22 | 45.44 | 50.66 | NOTE | |
r-devel-linux-x86_64-debian-gcc | 0.2.1 | 4.78 | 34.39 | 39.17 | NOTE | |
r-devel-linux-x86_64-fedora-clang | 0.2.1 | 66.43 | NOTE | |||
r-devel-linux-x86_64-fedora-gcc | 0.2.1 | 60.40 | NOTE | |||
r-devel-windows-x86_64 | 0.2.1 | 26.00 | 76.00 | 102.00 | NOTE | |
r-patched-linux-x86_64 | 0.2.1 | 4.21 | 44.66 | 48.87 | OK | |
r-release-linux-x86_64 | 0.2.1 | 4.76 | 43.68 | 48.44 | OK | |
r-release-macos-arm64 | 0.2.1 | 24.00 | OK | |||
r-release-macos-x86_64 | 0.2.1 | 37.00 | OK | |||
r-release-windows-x86_64 | 0.2.1 | 26.00 | 78.00 | 104.00 | OK | |
r-oldrel-macos-arm64 | 0.2.1 | 25.00 | OK | |||
r-oldrel-macos-x86_64 | 0.2.1 | 29.00 | OK | |||
r-oldrel-windows-ix86+x86_64 | 0.2.1 | 17.00 | 84.00 | 101.00 | OK |
Version: 0.2.1
Check: package subdirectories
Result: NOTE
Problems with news in ‘NEWS.md’:
No news entries found.
Flavors: r-devel-linux-x86_64-debian-clang, r-devel-linux-x86_64-debian-gcc, r-devel-linux-x86_64-fedora-clang, r-devel-linux-x86_64-fedora-gcc, r-devel-windows-x86_64