Last updated on 2023-02-02 15:54:44 CET.
Flavor | Version | Tinstall | Tcheck | Ttotal | Status | Flags |
---|---|---|---|---|---|---|
r-devel-linux-x86_64-debian-clang | 1.3.0 | 12.57 | 136.86 | 149.43 | NOTE | |
r-devel-linux-x86_64-debian-gcc | 1.3.0 | 10.38 | 103.82 | 114.20 | NOTE | |
r-devel-linux-x86_64-fedora-clang | 1.3.0 | 185.20 | NOTE | |||
r-devel-linux-x86_64-fedora-gcc | 1.3.0 | 181.90 | NOTE | |||
r-patched-linux-x86_64 | 1.3.0 | 18.77 | 128.23 | 147.00 | NOTE | |
r-release-linux-x86_64 | 1.3.0 | 9.62 | 128.60 | 138.22 | NOTE | |
r-release-macos-arm64 | 1.3.0 | 62.00 | NOTE | |||
r-release-macos-x86_64 | 1.3.0 | 71.00 | NOTE | |||
r-release-windows-x86_64 | 1.3.0 | 64.00 | 198.00 | 262.00 | NOTE | |
r-oldrel-macos-arm64 | 1.3.0 | 55.00 | NOTE | |||
r-oldrel-macos-x86_64 | 1.3.0 | 77.00 | NOTE | |||
r-oldrel-windows-ix86+x86_64 | 1.3.0 | 20.00 | 178.00 | 198.00 | NOTE |
Version: 1.3.0
Check: package dependencies
Result: NOTE
Package suggested but not available for checking: ‘rCOSA’
Flavors: r-devel-linux-x86_64-debian-clang, r-devel-linux-x86_64-debian-gcc, r-devel-linux-x86_64-fedora-clang, r-devel-linux-x86_64-fedora-gcc, r-patched-linux-x86_64, r-release-linux-x86_64, r-release-macos-arm64, r-release-macos-x86_64, r-release-windows-x86_64, r-oldrel-macos-arm64, r-oldrel-macos-x86_64, r-oldrel-windows-ix86+x86_64
Version: 1.3.0
Check: Rd cross-references
Result: NOTE
Package unavailable to check Rd xrefs: ‘rCOSA’
Flavors: r-devel-linux-x86_64-debian-clang, r-devel-linux-x86_64-debian-gcc, r-devel-linux-x86_64-fedora-clang, r-devel-linux-x86_64-fedora-gcc, r-patched-linux-x86_64, r-release-linux-x86_64, r-release-macos-arm64, r-release-macos-x86_64, r-release-windows-x86_64, r-oldrel-macos-arm64, r-oldrel-macos-x86_64, r-oldrel-windows-ix86+x86_64
Version: 1.3.0
Check: dependencies in R code
Result: NOTE
Namespaces in Imports field not imported from:
‘MASS’ ‘huge’
All declared Imports should be used.
Flavors: r-devel-linux-x86_64-fedora-clang, r-devel-linux-x86_64-fedora-gcc