Last updated on 2022-05-22 03:51:36 CEST.
Flavor | Version | Tinstall | Tcheck | Ttotal | Status | Flags |
---|---|---|---|---|---|---|
r-devel-linux-x86_64-debian-clang | 1.2.6 | 17.51 | 134.01 | 151.52 | OK | |
r-devel-linux-x86_64-debian-gcc | 1.2.6 | 12.62 | 99.47 | 112.09 | OK | |
r-devel-linux-x86_64-fedora-clang | 1.2.6 | 174.29 | OK | |||
r-devel-linux-x86_64-fedora-gcc | 1.2.6 | 173.88 | OK | |||
r-devel-windows-x86_64 | 1.2.6 | 57.00 | 142.00 | 199.00 | OK | |
r-patched-linux-x86_64 | 1.2.6 | 15.79 | 127.21 | 143.00 | OK | |
r-release-linux-x86_64 | 1.2.6 | 14.78 | 124.81 | 139.59 | OK | |
r-release-macos-arm64 | 1.2.6 | 43.00 | OK | |||
r-release-macos-x86_64 | 1.2.6 | 61.00 | OK | |||
r-release-windows-x86_64 | 1.2.6 | 56.00 | 146.00 | 202.00 | OK | |
r-oldrel-macos-arm64 | 1.2.6 | 56.00 | OK | |||
r-oldrel-macos-x86_64 | 1.2.6 | 93.00 | OK | |||
r-oldrel-windows-ix86+x86_64 | 1.2.6 | 3.00 | 10.00 | 13.00 | ERROR |
Version: 1.2.6
Check: whether package can be installed
Result: ERROR
Installation failed.
Flavor: r-oldrel-windows-ix86+x86_64