CRAN Package Check Results for Package sgmodel

Last updated on 2021-10-24 03:51:23 CEST.

Flavor Version Tinstall Tcheck Ttotal Status Flags
r-devel-linux-x86_64-debian-clang 0.1.1 4.12 54.34 58.46 NOTE
r-devel-linux-x86_64-debian-gcc 0.1.1 3.23 41.27 44.50 NOTE
r-devel-linux-x86_64-fedora-clang 0.1.1 81.87 NOTE
r-devel-linux-x86_64-fedora-gcc 0.1.1 70.09 NOTE
r-devel-windows-x86_64 0.1.1 9.00 68.00 77.00 NOTE
r-devel-windows-x86_64-gcc10-UCRT 0.1.1 NOTE
r-patched-linux-x86_64 0.1.1 4.85 50.46 55.31 NOTE
r-patched-solaris-x86 0.1.1 104.80 NOTE
r-release-linux-x86_64 0.1.1 3.77 50.56 54.33 NOTE
r-release-macos-arm64 0.1.1 NOTE
r-release-macos-x86_64 0.1.1 NOTE
r-release-windows-ix86+x86_64 0.1.1 10.00 86.00 96.00 NOTE
r-oldrel-macos-x86_64 0.1.1 OK
r-oldrel-windows-ix86+x86_64 0.1.1 14.00 80.00 94.00 OK

Check Details

Version: 0.1.1
Check: LazyData
Result: NOTE
     'LazyData' is specified without a 'data' directory
Flavors: r-devel-linux-x86_64-debian-clang, r-devel-linux-x86_64-debian-gcc, r-devel-linux-x86_64-fedora-clang, r-devel-linux-x86_64-fedora-gcc, r-devel-windows-x86_64, r-devel-windows-x86_64-gcc10-UCRT, r-patched-linux-x86_64, r-patched-solaris-x86, r-release-linux-x86_64, r-release-macos-arm64, r-release-macos-x86_64, r-release-windows-ix86+x86_64