CRAN Package Check Results for Package sf

Last updated on 2022-08-15 03:52:59 CEST.

Flavor Version Tinstall Tcheck Ttotal Status Flags
r-devel-linux-x86_64-debian-clang 1.0-8 217.64 392.48 610.12 OK
r-devel-linux-x86_64-debian-gcc 1.0-8 175.25 285.27 460.52 OK
r-devel-linux-x86_64-fedora-clang 1.0-8 797.85 NOTE
r-devel-linux-x86_64-fedora-gcc 1.0-8 788.61 OK
r-devel-windows-x86_64 1.0-8 296.00 955.00 1251.00 NOTE
r-patched-linux-x86_64 1.0-8 193.40 361.76 555.16 OK
r-release-linux-x86_64 1.0-8 181.58 361.95 543.53 OK
r-release-macos-arm64 1.0-8 232.00 NOTE
r-release-macos-x86_64 1.0-8 28.00 ERROR
r-release-windows-x86_64 1.0-8 312.00 934.00 1246.00 NOTE
r-oldrel-macos-arm64 1.0-8 209.00 NOTE
r-oldrel-macos-x86_64 1.0-8 32.00 ERROR
r-oldrel-windows-ix86+x86_64 1.0-8 547.00 1129.00 1676.00 NOTE

Check Details

Version: 1.0-8
Check: installed package size
Result: NOTE
     installed size is 7.4Mb
     sub-directories of 1Mb or more:
     doc 1.7Mb
     libs 1.0Mb
     sqlite 1.5Mb
Flavors: r-devel-linux-x86_64-fedora-clang, r-devel-windows-x86_64, r-release-macos-arm64, r-release-windows-x86_64, r-oldrel-macos-arm64, r-oldrel-windows-ix86+x86_64

Version: 1.0-8
Check: whether package can be installed
Result: ERROR
    Installation failed.
Flavors: r-release-macos-x86_64, r-oldrel-macos-x86_64