CRAN Package Check Results for Package sf

Last updated on 2022-12-08 04:06:42 CET.

Flavor Version Tinstall Tcheck Ttotal Status Flags
r-devel-linux-x86_64-debian-clang 1.0-9 220.38 432.28 652.66 OK
r-devel-linux-x86_64-debian-gcc 1.0-9 171.47 315.54 487.01 OK
r-devel-linux-x86_64-fedora-clang 1.0-9 781.55 NOTE
r-devel-linux-x86_64-fedora-gcc 1.0-9 822.77 OK
r-devel-windows-x86_64 1.0-9 342.00 1027.00 1369.00 NOTE
r-patched-linux-x86_64 1.0-9 183.59 406.84 590.43 OK
r-release-linux-x86_64 1.0-9 170.56 384.72 555.28 OK
r-release-macos-arm64 1.0-9 242.00 NOTE
r-release-macos-x86_64 1.0-9 317.00 NOTE
r-release-windows-x86_64 1.0-9 354.00 1002.00 1356.00 NOTE
r-oldrel-macos-arm64 1.0-9 274.00 NOTE
r-oldrel-macos-x86_64 1.0-9 327.00 NOTE
r-oldrel-windows-ix86+x86_64 1.0-9 573.00 1163.00 1736.00 NOTE

Additional issues

clang-ASAN

Check Details

Version: 1.0-9
Check: installed package size
Result: NOTE
     installed size is 7.5Mb
     sub-directories of 1Mb or more:
     doc 1.7Mb
     libs 1.1Mb
     sqlite 1.5Mb
Flavors: r-devel-linux-x86_64-fedora-clang, r-devel-windows-x86_64, r-release-macos-arm64, r-release-macos-x86_64, r-release-windows-x86_64, r-oldrel-macos-arm64, r-oldrel-macos-x86_64, r-oldrel-windows-ix86+x86_64