CRAN Package Check Results for Package set

Last updated on 2022-05-20 03:55:58 CEST.

Flavor Version Tinstall Tcheck Ttotal Status Flags
r-devel-linux-x86_64-debian-clang 1.2 1.91 32.36 34.27 NOTE
r-devel-linux-x86_64-debian-gcc 1.2 1.82 24.99 26.81 NOTE
r-devel-linux-x86_64-fedora-clang 1.2 42.22 NOTE
r-devel-linux-x86_64-fedora-gcc 1.2 41.32 NOTE
r-devel-windows-x86_64 1.2 8.00 48.00 56.00 NOTE
r-patched-linux-x86_64 1.2 2.40 31.20 33.60 NOTE
r-release-linux-x86_64 1.2 2.24 31.27 33.51 NOTE
r-release-macos-arm64 1.2 15.00 NOTE
r-release-macos-x86_64 1.2 26.00 NOTE
r-release-windows-x86_64 1.2 12.00 49.00 61.00 NOTE
r-oldrel-macos-arm64 1.2 20.00 NOTE
r-oldrel-macos-x86_64 1.2 21.00 NOTE
r-oldrel-windows-ix86+x86_64 1.2 7.00 41.00 48.00 NOTE

Check Details

Version: 1.2
Check: LazyData
Result: NOTE
     'LazyData' is specified without a 'data' directory
Flavors: r-devel-linux-x86_64-debian-clang, r-devel-linux-x86_64-debian-gcc, r-devel-linux-x86_64-fedora-clang, r-devel-linux-x86_64-fedora-gcc, r-devel-windows-x86_64, r-patched-linux-x86_64, r-release-linux-x86_64, r-release-macos-arm64, r-release-macos-x86_64, r-release-windows-x86_64, r-oldrel-macos-arm64, r-oldrel-macos-x86_64, r-oldrel-windows-ix86+x86_64