CRAN Package Check Results for Package serrsBayes

Last updated on 2021-11-28 15:48:54 CET.

Flavor Version Tinstall Tcheck Ttotal Status Flags
r-devel-linux-x86_64-debian-clang 0.5-0 OK
r-devel-linux-x86_64-debian-gcc 0.5-0 58.53 442.98 501.51 OK
r-devel-linux-x86_64-fedora-clang 0.5-0 779.19 NOTE
r-devel-linux-x86_64-fedora-gcc 0.5-0 776.94 OK
r-devel-windows-x86_64-new-UL 0.5-0 96.00 546.00 642.00 OK
r-devel-windows-x86_64-new-TK 0.5-0 OK
r-devel-windows-x86_64-old 0.5-0 67.00 706.00 773.00 OK
r-patched-linux-x86_64 0.5-0 67.29 553.21 620.50 OK
r-patched-solaris-x86 0.5-0 216.20 OK
r-release-linux-x86_64 0.5-0 65.17 557.23 622.40 OK
r-release-macos-arm64 0.5-0 NOTE
r-release-macos-x86_64 0.5-0 NOTE
r-release-windows-ix86+x86_64 0.5-0 157.00 415.00 572.00 OK
r-oldrel-macos-x86_64 0.5-0 NOTE
r-oldrel-windows-ix86+x86_64 0.5-0 114.00 537.00 651.00 OK

Check Details

Version: 0.5-0
Check: installed package size
Result: NOTE
     installed size is 15.4Mb
     sub-directories of 1Mb or more:
     libs 14.1Mb
Flavors: r-devel-linux-x86_64-fedora-clang, r-release-macos-arm64, r-release-macos-x86_64, r-oldrel-macos-x86_64