CRAN Package Check Results for Package sequenza

Last updated on 2021-11-29 03:53:21 CET.

Flavor Version Tinstall Tcheck Ttotal Status Flags
r-devel-linux-x86_64-debian-clang 3.0.0 OK
r-devel-linux-x86_64-debian-gcc 3.0.0 15.88 182.53 198.41 OK
r-devel-linux-x86_64-fedora-clang 3.0.0 311.31 OK
r-devel-linux-x86_64-fedora-gcc 3.0.0 301.23 OK
r-devel-windows-x86_64-new-UL 3.0.0 32.00 298.00 330.00 OK
r-devel-windows-x86_64-new-TK 3.0.0 OK
r-devel-windows-x86_64-old 3.0.0 22.00 291.00 313.00 OK
r-patched-linux-x86_64 3.0.0 25.10 226.97 252.07 OK
r-patched-solaris-x86 3.0.0 285.80 NOTE
r-release-linux-x86_64 3.0.0 17.93 223.52 241.45 OK
r-release-macos-arm64 3.0.0 ERROR
r-release-macos-x86_64 3.0.0 OK
r-release-windows-ix86+x86_64 3.0.0 40.00 203.00 243.00 OK
r-oldrel-macos-x86_64 3.0.0 ERROR
r-oldrel-windows-ix86+x86_64 3.0.0 42.00 313.00 355.00 OK

Check Details

Version: 3.0.0
Check: installed package size
Result: NOTE
     installed size is 5.2Mb
     sub-directories of 1Mb or more:
     doc 3.0Mb
     extdata 1.3Mb
Flavor: r-patched-solaris-x86

Version: 3.0.0
Check: package dependencies
Result: ERROR
    Package required but not available: ‘copynumber’
    
    See section ‘The DESCRIPTION file’ in the ‘Writing R Extensions’
    manual.
Flavors: r-release-macos-arm64, r-oldrel-macos-x86_64