CRAN Package Check Results for Package seqR

Last updated on 2021-12-05 03:59:40 CET.

Flavor Version Tinstall Tcheck Ttotal Status Flags
r-devel-linux-x86_64-debian-clang 1.0.1 33.39 72.52 105.91 NOTE
r-devel-linux-x86_64-debian-gcc 1.0.1 24.47 58.35 82.82 NOTE
r-devel-linux-x86_64-fedora-clang 1.0.1 147.93 NOTE
r-devel-linux-x86_64-fedora-gcc 1.0.1 130.53 NOTE
r-devel-windows-x86_64-new-UL 1.0.1 46.00 147.00 193.00 NOTE
r-devel-windows-x86_64-new-TK 1.0.1 NOTE
r-devel-windows-x86_64-old 1.0.1 42.00 78.00 120.00 NOTE
r-patched-linux-x86_64 1.0.1 31.61 62.07 93.68 NOTE
r-release-linux-x86_64 1.0.1 33.08 61.68 94.76 NOTE
r-release-macos-arm64 1.0.1 NOTE
r-release-macos-x86_64 1.0.1 NOTE
r-release-windows-ix86+x86_64 1.0.1 83.00 135.00 218.00 NOTE
r-oldrel-macos-x86_64 1.0.1 NOTE
r-oldrel-windows-ix86+x86_64 1.0.1 84.00 138.00 222.00 NOTE

Check Details

Version: 1.0.1
Check: for GNU extensions in Makefiles
Result: NOTE
    GNU make is a SystemRequirements.
Flavors: r-devel-linux-x86_64-debian-clang, r-devel-linux-x86_64-debian-gcc, r-devel-linux-x86_64-fedora-clang, r-devel-linux-x86_64-fedora-gcc, r-devel-windows-x86_64-new-UL, r-devel-windows-x86_64-new-TK, r-devel-windows-x86_64-old, r-patched-linux-x86_64, r-release-linux-x86_64, r-release-macos-arm64, r-release-macos-x86_64, r-release-windows-ix86+x86_64, r-oldrel-macos-x86_64, r-oldrel-windows-ix86+x86_64

Version: 1.0.1
Check: installed package size
Result: NOTE
     installed size is 7.1Mb
     sub-directories of 1Mb or more:
     libs 6.8Mb
Flavors: r-release-macos-arm64, r-release-macos-x86_64, r-oldrel-macos-x86_64