Last updated on 2023-02-06 15:57:28 CET.
Flavor | Version | Tinstall | Tcheck | Ttotal | Status | Flags |
---|---|---|---|---|---|---|
r-devel-linux-x86_64-debian-clang | 0.2.9.6 | 3.94 | 157.26 | 161.20 | OK | |
r-devel-linux-x86_64-debian-gcc | 0.2.9.6 | 2.46 | 114.99 | 117.45 | OK | |
r-devel-linux-x86_64-fedora-clang | 0.2.9.6 | 193.99 | NOTE | |||
r-devel-linux-x86_64-fedora-gcc | 0.2.9.6 | 196.63 | OK | |||
r-devel-windows-x86_64 | 0.2.9.6 | 34.00 | 197.00 | 231.00 | OK | |
r-patched-linux-x86_64 | 0.2.9.6 | 8.23 | 146.12 | 154.35 | OK | |
r-release-linux-x86_64 | 0.2.9.6 | 3.73 | 122.20 | 125.93 | OK | |
r-release-macos-arm64 | 0.2.9.6 | 43.00 | OK | |||
r-release-macos-x86_64 | 0.2.9.6 | 64.00 | OK | |||
r-release-windows-x86_64 | 0.2.9.6 | 8.00 | 180.00 | 188.00 | OK | |
r-oldrel-macos-arm64 | 0.2.9.6 | 48.00 | OK | |||
r-oldrel-macos-x86_64 | 0.2.9.6 | 87.00 | OK | |||
r-oldrel-windows-ix86+x86_64 | 0.2.9.6 | 10.00 | 201.00 | 211.00 | OK |
Version: 0.2.9.6
Check: Rd cross-references
Result: NOTE
Undeclared package ‘qgraph’ in Rd xrefs
Flavor: r-devel-linux-x86_64-fedora-clang