CRAN Package Check Results for Package seewave

Last updated on 2021-12-07 16:49:48 CET.

Flavor Version Tinstall Tcheck Ttotal Status Flags
r-devel-linux-x86_64-debian-clang 2.1.8 15.36 151.19 166.55 OK
r-devel-linux-x86_64-debian-gcc 2.1.8 11.19 117.22 128.41 OK
r-devel-linux-x86_64-fedora-clang 2.1.8 209.06 OK
r-devel-linux-x86_64-fedora-gcc 2.1.8 196.43 OK
r-devel-windows-x86_64-new-UL 2.1.8 37.00 242.00 279.00 OK
r-devel-windows-x86_64-new-TK 2.1.8 OK
r-devel-windows-x86_64-old 2.1.8 22.00 145.00 167.00 OK
r-patched-linux-x86_64 2.1.8 19.19 148.49 167.68 OK
r-release-linux-x86_64 2.1.8 15.53 148.92 164.45 OK
r-release-macos-arm64 2.1.8 NOTE
r-release-macos-x86_64 2.1.8 NOTE
r-release-windows-ix86+x86_64 2.1.8 17.00 189.00 206.00 OK
r-oldrel-macos-x86_64 2.1.8 NOTE
r-oldrel-windows-ix86+x86_64 2.1.8 26.00 191.00 217.00 OK

Check Details

Version: 2.1.8
Check: package dependencies
Result: NOTE
    Package suggested but not available for checking: ‘rpanel’
Flavors: r-release-macos-arm64, r-release-macos-x86_64, r-oldrel-macos-x86_64