CRAN Package Check Results for Package seecolor

Last updated on 2024-07-17 15:56:36 CEST.

Flavor Version Tinstall Tcheck Ttotal Status Flags
r-devel-linux-x86_64-debian-clang 0.2.0 3.20 32.74 35.94 OK
r-devel-linux-x86_64-debian-gcc 0.2.0 2.18 25.22 27.40 OK
r-devel-linux-x86_64-fedora-clang 0.2.0 46.74 NOTE
r-devel-linux-x86_64-fedora-gcc 0.2.0 55.98 NOTE
r-devel-windows-x86_64 0.2.0 4.00 46.00 50.00 OK
r-patched-linux-x86_64 0.2.0 2.84 30.74 33.58 OK
r-release-linux-x86_64 0.2.0 2.82 32.19 35.01 OK
r-release-macos-arm64 0.2.0 27.00 OK
r-release-macos-x86_64 0.2.0 39.00 OK
r-release-windows-x86_64 0.2.0 4.00 47.00 51.00 OK
r-oldrel-macos-arm64 0.2.0 26.00 OK
r-oldrel-macos-x86_64 0.2.0 34.00 OK
r-oldrel-windows-x86_64 0.2.0 4.00 49.00 53.00 OK

Check Details

Version: 0.2.0
Check: dependencies in R code
Result: NOTE Namespace in Imports field not imported from: ‘fansi’ All declared Imports should be used. Flavors: r-devel-linux-x86_64-fedora-clang, r-devel-linux-x86_64-fedora-gcc