Last updated on 2023-02-08 15:52:53 CET.
Flavor | Version | Tinstall | Tcheck | Ttotal | Status | Flags |
---|---|---|---|---|---|---|
r-devel-linux-x86_64-debian-clang | 0.7.3 | 9.45 | 1388.41 | 1397.86 | ERROR | |
r-devel-linux-x86_64-debian-gcc | 0.7.3 | 7.26 | 1056.46 | 1063.72 | OK | |
r-devel-linux-x86_64-fedora-clang | 0.7.3 | 1032.05 | OK | |||
r-devel-linux-x86_64-fedora-gcc | 0.7.3 | 1732.83 | OK | |||
r-devel-windows-x86_64 | 0.7.3 | 35.00 | 1333.00 | 1368.00 | OK | |
r-patched-linux-x86_64 | 0.7.3 | 6.77 | 135.61 | 142.38 | OK | |
r-release-linux-x86_64 | 0.7.3 | 5.75 | 137.77 | 143.52 | OK | |
r-release-macos-arm64 | 0.7.3 | 74.00 | OK | |||
r-release-macos-x86_64 | 0.7.3 | 272.00 | OK | |||
r-release-windows-x86_64 | 0.7.3 | 21.00 | 200.00 | 221.00 | OK | |
r-oldrel-macos-arm64 | 0.7.3 | 67.00 | OK | |||
r-oldrel-macos-x86_64 | 0.7.3 | 99.00 | OK | |||
r-oldrel-windows-ix86+x86_64 | 0.7.3 | 20.00 | 189.00 | 209.00 | OK |
Version: 0.7.3
Check: re-building of vignette outputs
Result: ERROR
Error(s) in re-building vignettes:
...
--- re-building ‘effect-of-climate-dependent-flux.Rmd’ using rmarkdown
Killed
--- re-building ‘introduction-to-sedproxy.Rmd’ using rmarkdown
--- finished re-building ‘introduction-to-sedproxy.Rmd’
SUMMARY: processing the following file failed:
‘effect-of-climate-dependent-flux.Rmd’
Error: Vignette re-building failed.
Execution halted
Flavor: r-devel-linux-x86_64-debian-clang