CRAN Package Check Results for Package secret

Last updated on 2024-07-14 15:55:00 CEST.

Flavor Version Tinstall Tcheck Ttotal Status Flags
r-devel-linux-x86_64-debian-clang 1.1.0 3.49 35.83 39.32 NOTE
r-devel-linux-x86_64-debian-gcc 1.1.0 2.55 27.12 29.67 NOTE
r-devel-linux-x86_64-fedora-clang 1.1.0 51.28 NOTE
r-devel-linux-x86_64-fedora-gcc 1.1.0 58.09 NOTE
r-devel-windows-x86_64 1.1.0 4.00 53.00 57.00 NOTE
r-patched-linux-x86_64 1.1.0 3.80 35.42 39.22 NOTE
r-release-linux-x86_64 1.1.0 2.79 34.85 37.64 NOTE
r-release-macos-arm64 1.1.0 25.00 NOTE
r-release-macos-x86_64 1.1.0 37.00 NOTE
r-release-windows-x86_64 1.1.0 4.00 54.00 58.00 NOTE
r-oldrel-macos-arm64 1.1.0 26.00 NOTE
r-oldrel-macos-x86_64 1.1.0 51.00 NOTE
r-oldrel-windows-x86_64 1.1.0 4.00 56.00 60.00 NOTE

Check Details

Version: 1.1.0
Check: LazyData
Result: NOTE 'LazyData' is specified without a 'data' directory Flavors: r-devel-linux-x86_64-debian-clang, r-devel-linux-x86_64-debian-gcc, r-devel-linux-x86_64-fedora-clang, r-devel-linux-x86_64-fedora-gcc, r-devel-windows-x86_64, r-patched-linux-x86_64, r-release-linux-x86_64, r-release-macos-arm64, r-release-macos-x86_64, r-release-windows-x86_64, r-oldrel-macos-arm64, r-oldrel-macos-x86_64, r-oldrel-windows-x86_64