Last updated on 2023-02-04 16:56:01 CET.
Flavor | Version | Tinstall | Tcheck | Ttotal | Status | Flags |
---|---|---|---|---|---|---|
r-devel-linux-x86_64-debian-clang | 1.1.0 | 173.22 | 59.94 | 233.16 | NOTE | |
r-devel-linux-x86_64-debian-gcc | 1.1.0 | 133.05 | 44.93 | 177.98 | NOTE | |
r-devel-linux-x86_64-fedora-clang | 1.1.0 | 348.78 | NOTE | |||
r-devel-linux-x86_64-fedora-gcc | 1.1.0 | 342.60 | NOTE | |||
r-devel-windows-x86_64 | 1.1.0 | 142.00 | 115.00 | 257.00 | NOTE | |
r-patched-linux-x86_64 | 1.1.0 | 156.12 | 58.42 | 214.54 | OK | |
r-release-linux-x86_64 | 1.1.0 | 138.00 | 57.61 | 195.61 | OK | |
r-release-macos-arm64 | 1.1.0 | 78.00 | NOTE | |||
r-release-macos-x86_64 | 1.1.0 | 97.00 | NOTE | |||
r-release-windows-x86_64 | 1.1.0 | 136.00 | 121.00 | 257.00 | OK | |
r-oldrel-macos-arm64 | 1.1.0 | 81.00 | NOTE | |||
r-oldrel-macos-x86_64 | 1.1.0 | 145.00 | NOTE | |||
r-oldrel-windows-ix86+x86_64 | 1.1.0 | 426.00 | 141.00 | 567.00 | OK |
Version: 1.1.0
Check: C++ specification
Result: NOTE
Specified C++11: please update to current default of C++17
Flavors: r-devel-linux-x86_64-debian-clang, r-devel-linux-x86_64-debian-gcc, r-devel-linux-x86_64-fedora-clang, r-devel-linux-x86_64-fedora-gcc, r-devel-windows-x86_64
Version: 1.1.0
Check: installed package size
Result: NOTE
installed size is 5.7Mb
sub-directories of 1Mb or more:
libs 5.0Mb
Flavors: r-release-macos-arm64, r-release-macos-x86_64, r-oldrel-macos-arm64, r-oldrel-macos-x86_64